{"id":4407,"date":"2021-12-09T09:38:08","date_gmt":"2021-12-09T12:38:08","guid":{"rendered":"https:\/\/nordtech.com.br\/?post_type=product&#038;p=4407"},"modified":"2021-12-09T09:38:09","modified_gmt":"2021-12-09T12:38:09","slug":"serrote-para-poda-350mm","status":"publish","type":"product","link":"https:\/\/nordtech.com.br\/?product=serrote-para-poda-350mm","title":{"rendered":"Serrote para Poda 350mm"},"content":{"rendered":"","protected":false},"excerpt":{"rendered":"<p>Utiliza\u00e7\u00e3o flex\u00edvel \u2013 alturas at\u00e9 5 metros<br \/>\nProte\u00e7\u00e3o antideslizante melhora os movimentos de tra\u00e7\u00e3o<br \/>\nDur\u00e1vel e robusta<br \/>\nArmazenamento f\u00e1cil e seguro<br \/>\nL\u00e2mina de 325mm<\/p>\n<p>Pode ser utilizada de forma flex\u00edvel: para cortar galhos facilmente acess\u00edveis, funciona como uma serra manual normal. Para galhos at\u00e9 5 metros de altura, basta alongar a serra atrav\u00e9s do cabo telesc\u00f3pico Combisystem<\/p>\n","protected":false},"featured_media":4408,"comment_status":"open","ping_status":"closed","template":"","meta":[],"class_list":{"0":"post-4407","1":"product","2":"type-product","3":"status-publish","4":"has-post-thumbnail","6":"pwb-brand-gardena","7":"product_cat-linha-jardim","8":"product_cat-gardena","9":"product_tag-poda","10":"product_tag-serra","11":"product_tag-serra-para-poda","13":"first","14":"instock","15":"shipping-taxable","16":"product-type-simple"},"brands":[{"id":89,"name":"Gardena","slug":"gardena"}],"_links":{"self":[{"href":"https:\/\/nordtech.com.br\/index.php?rest_route=\/wp\/v2\/product\/4407","targetHints":{"allow":["GET"]}}],"collection":[{"href":"https:\/\/nordtech.com.br\/index.php?rest_route=\/wp\/v2\/product"}],"about":[{"href":"https:\/\/nordtech.com.br\/index.php?rest_route=\/wp\/v2\/types\/product"}],"replies":[{"embeddable":true,"href":"https:\/\/nordtech.com.br\/index.php?rest_route=%2Fwp%2Fv2%2Fcomments&post=4407"}],"wp:featuredmedia":[{"embeddable":true,"href":"https:\/\/nordtech.com.br\/index.php?rest_route=\/wp\/v2\/media\/4408"}],"wp:attachment":[{"href":"https:\/\/nordtech.com.br\/index.php?rest_route=%2Fwp%2Fv2%2Fmedia&parent=4407"}],"curies":[{"name":"wp","href":"https:\/\/api.w.org\/{rel}","templated":true}]}}