{"id":4378,"date":"2021-12-08T14:56:55","date_gmt":"2021-12-08T17:56:55","guid":{"rendered":"https:\/\/nordtech.com.br\/?post_type=product&#038;p=4378"},"modified":"2021-12-08T14:56:56","modified_gmt":"2021-12-08T17:56:56","slug":"kit-porta-mangueira-de-parede-gardena","status":"publish","type":"product","link":"https:\/\/nordtech.com.br\/?product=kit-porta-mangueira-de-parede-gardena","title":{"rendered":"Kit Porta Mangueira de parede Gardena"},"content":{"rendered":"","protected":false},"excerpt":{"rendered":"<p>Acompanha mangueira 1\/2\u201d- 20m<br \/>\nCapacidade m\u00e1xima: 50 m 13 mm (1\/2&#8243;&#8221;), 40 m 15 mm (5\/8&#8243;&#8221;), 25 m 19 mm (3\/4&#8243;&#8221;)<br \/>\nCaixa Master: 12 unidades<\/p>\n<p>Ideal para uma irriga\u00e7\u00e3o conveniente e um armazenamento compacto. Voc\u00ea pode recolher a mangueira sem n\u00f3s e guard\u00e1-la rapidamente.<\/p>\n","protected":false},"featured_media":4379,"comment_status":"open","ping_status":"closed","template":"","meta":[],"class_list":{"0":"post-4378","1":"product","2":"type-product","3":"status-publish","4":"has-post-thumbnail","6":"pwb-brand-gardena","7":"product_cat-linha-hidro","8":"product_cat-gardena","9":"product_tag-kit-mangueira","10":"product_tag-kit-mangueira-parede","11":"product_tag-kit-porta-mangueira","12":"product_tag-mangueira","13":"product_tag-parede","15":"first","16":"instock","17":"shipping-taxable","18":"product-type-simple"},"brands":[{"id":89,"name":"Gardena","slug":"gardena"}],"_links":{"self":[{"href":"https:\/\/nordtech.com.br\/index.php?rest_route=\/wp\/v2\/product\/4378","targetHints":{"allow":["GET"]}}],"collection":[{"href":"https:\/\/nordtech.com.br\/index.php?rest_route=\/wp\/v2\/product"}],"about":[{"href":"https:\/\/nordtech.com.br\/index.php?rest_route=\/wp\/v2\/types\/product"}],"replies":[{"embeddable":true,"href":"https:\/\/nordtech.com.br\/index.php?rest_route=%2Fwp%2Fv2%2Fcomments&post=4378"}],"wp:featuredmedia":[{"embeddable":true,"href":"https:\/\/nordtech.com.br\/index.php?rest_route=\/wp\/v2\/media\/4379"}],"wp:attachment":[{"href":"https:\/\/nordtech.com.br\/index.php?rest_route=%2Fwp%2Fv2%2Fmedia&parent=4378"}],"curies":[{"name":"wp","href":"https:\/\/api.w.org\/{rel}","templated":true}]}}