{"id":4344,"date":"2021-12-08T10:45:58","date_gmt":"2021-12-08T13:45:58","guid":{"rendered":"https:\/\/nordtech.com.br\/?post_type=product&#038;p=4344"},"modified":"2021-12-08T10:45:58","modified_gmt":"2021-12-08T13:45:58","slug":"ducha-de-jardim-e-praia-trio-2","status":"publish","type":"product","link":"https:\/\/nordtech.com.br\/?product=ducha-de-jardim-e-praia-trio-2","title":{"rendered":"Ducha de Jardim e Praia Trio"},"content":{"rendered":"","protected":false},"excerpt":{"rendered":"<p><span data-sheets-value=\"{&quot;1&quot;:2,&quot;2&quot;:&quot;Ducha de Jardim e Praia Trio com dois tipos de jato, altura totalmente ajust\u00e1vel e v\u00e1lvula de regula\u00e7\u00e3o e bloqueio para ajustar o fluxo de \u00e1gua. Com o chuveiro de jardim trio Gardena, tomar ducha ao ar livre \u00e9 t\u00e3o confort\u00e1vel como no banheiro. O trip\u00e9 facilita a coloca\u00e7\u00e3o do chuveiro em qualquer lado. A cabe\u00e7a do chuveiro flex\u00edvel e m\u00f3vel, ligada a uma mangueira de 1,3 metros de comprimento d\u00e1 mais liberdade para tomar ducha no jardim.&quot;}\" data-sheets-userformat=\"{&quot;2&quot;:15349,&quot;3&quot;:{&quot;1&quot;:0},&quot;5&quot;:{&quot;1&quot;:[{&quot;1&quot;:2,&quot;2&quot;:0,&quot;5&quot;:{&quot;1&quot;:2,&quot;2&quot;:0}},{&quot;1&quot;:0,&quot;2&quot;:0,&quot;3&quot;:3},{&quot;1&quot;:1,&quot;2&quot;:0,&quot;4&quot;:1}]},&quot;7&quot;:{&quot;1&quot;:[{&quot;1&quot;:2,&quot;2&quot;:0,&quot;5&quot;:{&quot;1&quot;:2,&quot;2&quot;:0}},{&quot;1&quot;:0,&quot;2&quot;:0,&quot;3&quot;:3},{&quot;1&quot;:1,&quot;2&quot;:0,&quot;4&quot;:1}]},&quot;8&quot;:{&quot;1&quot;:[{&quot;1&quot;:2,&quot;2&quot;:0,&quot;5&quot;:{&quot;1&quot;:2,&quot;2&quot;:0}},{&quot;1&quot;:0,&quot;2&quot;:0,&quot;3&quot;:3},{&quot;1&quot;:1,&quot;2&quot;:0,&quot;4&quot;:1}]},&quot;9&quot;:0,&quot;10&quot;:1,&quot;11&quot;:4,&quot;12&quot;:0,&quot;14&quot;:{&quot;1&quot;:2,&quot;2&quot;:15365376},&quot;15&quot;:&quot;Calibri&quot;,&quot;16&quot;:12}\">Ducha de Jardim e Praia Trio com dois tipos de jato, altura totalmente ajust\u00e1vel e v\u00e1lvula de regula\u00e7\u00e3o e bloqueio para ajustar o fluxo de \u00e1gua. Com o chuveiro de jardim trio Gardena, tomar ducha ao ar livre \u00e9 t\u00e3o confort\u00e1vel como no banheiro. O trip\u00e9 facilita a coloca\u00e7\u00e3o do chuveiro em qualquer lado. A cabe\u00e7a do chuveiro flex\u00edvel e m\u00f3vel, ligada a uma mangueira de 1,3 metros de comprimento d\u00e1 mais liberdade para tomar ducha no jardim.<\/span><\/p>\n","protected":false},"featured_media":0,"comment_status":"open","ping_status":"closed","template":"","meta":[],"class_list":{"0":"post-4344","1":"product","2":"type-product","3":"status-publish","5":"pwb-brand-gardena","6":"product_cat-linha-jardim","7":"product_cat-gardena","9":"first","10":"instock","11":"shipping-taxable","12":"product-type-simple"},"brands":[{"id":89,"name":"Gardena","slug":"gardena"}],"_links":{"self":[{"href":"https:\/\/nordtech.com.br\/index.php?rest_route=\/wp\/v2\/product\/4344","targetHints":{"allow":["GET"]}}],"collection":[{"href":"https:\/\/nordtech.com.br\/index.php?rest_route=\/wp\/v2\/product"}],"about":[{"href":"https:\/\/nordtech.com.br\/index.php?rest_route=\/wp\/v2\/types\/product"}],"replies":[{"embeddable":true,"href":"https:\/\/nordtech.com.br\/index.php?rest_route=%2Fwp%2Fv2%2Fcomments&post=4344"}],"wp:attachment":[{"href":"https:\/\/nordtech.com.br\/index.php?rest_route=%2Fwp%2Fv2%2Fmedia&parent=4344"}],"curies":[{"name":"wp","href":"https:\/\/api.w.org\/{rel}","templated":true}]}}