{"id":4220,"date":"2021-11-26T11:36:56","date_gmt":"2021-11-26T14:36:56","guid":{"rendered":"https:\/\/nordtech.com.br\/?post_type=product&#038;p=4220"},"modified":"2021-11-26T11:36:57","modified_gmt":"2021-11-26T14:36:57","slug":"ligacao-universal-para-mangueira-gardena-2","status":"publish","type":"product","link":"https:\/\/nordtech.com.br\/?product=ligacao-universal-para-mangueira-gardena-2","title":{"rendered":"Liga\u00e7\u00e3o Universal para Mangueira Gardena"},"content":{"rendered":"","protected":false},"excerpt":{"rendered":"<p>Liga\u00e7\u00e3o Universal para Mangueiras de di\u00e2metro de 15 a 20 mm. O conector de mangueira Gardena \u00e9 resistente \u00e0 corros\u00e3o e pode ser acoplado sem ferramentas. Voc\u00ea pode anex\u00e1-lo a uma mangueira sem malha.<\/p>\n","protected":false},"featured_media":4221,"comment_status":"open","ping_status":"closed","template":"","meta":[],"class_list":{"0":"post-4220","1":"product","2":"type-product","3":"status-publish","4":"has-post-thumbnail","6":"product_cat-linha-hidro","7":"product_cat-gardena","8":"product_tag-ligacao","9":"product_tag-ligacao-mangueira","10":"product_tag-ligacao-universal","12":"first","13":"instock","14":"shipping-taxable","15":"product-type-simple"},"brands":[],"_links":{"self":[{"href":"https:\/\/nordtech.com.br\/index.php?rest_route=\/wp\/v2\/product\/4220","targetHints":{"allow":["GET"]}}],"collection":[{"href":"https:\/\/nordtech.com.br\/index.php?rest_route=\/wp\/v2\/product"}],"about":[{"href":"https:\/\/nordtech.com.br\/index.php?rest_route=\/wp\/v2\/types\/product"}],"replies":[{"embeddable":true,"href":"https:\/\/nordtech.com.br\/index.php?rest_route=%2Fwp%2Fv2%2Fcomments&post=4220"}],"wp:featuredmedia":[{"embeddable":true,"href":"https:\/\/nordtech.com.br\/index.php?rest_route=\/wp\/v2\/media\/4221"}],"wp:attachment":[{"href":"https:\/\/nordtech.com.br\/index.php?rest_route=%2Fwp%2Fv2%2Fmedia&parent=4220"}],"curies":[{"name":"wp","href":"https:\/\/api.w.org\/{rel}","templated":true}]}}