{"id":4206,"date":"2021-11-26T10:28:07","date_gmt":"2021-11-26T13:28:07","guid":{"rendered":"https:\/\/nordtech.com.br\/?post_type=product&#038;p=4206"},"modified":"2021-11-26T10:28:08","modified_gmt":"2021-11-26T13:28:08","slug":"mangueira-aspersora-microporosa-75m","status":"publish","type":"product","link":"https:\/\/nordtech.com.br\/?product=mangueira-aspersora-microporosa-75m","title":{"rendered":"Mangueira Aspersora Microporosa 7,5m"},"content":{"rendered":"","protected":false},"excerpt":{"rendered":"<p>Fornece uma pulveriza\u00e7\u00e3o fina ideal para canteiros, bordaduras e \u00e1reas estreitas.<\/p>\n<p>Conect\u00e1vel com todos os acess\u00f3rios necess\u00e1rios do sistema GARDENA<br \/>\nPossui comprimento fixo de 7,5 m, mas pode ser prolongada at\u00e9 um comprimento m\u00e1ximo de 30m atrav\u00e9s de kit de conex\u00e3o<br \/>\nPode ser encurtada individualmente \u2013 basta cort\u00e1-la com o comprimento pretendido e montar os acess\u00f3rios de liga\u00e7\u00e3o.<\/p>\n","protected":false},"featured_media":4207,"comment_status":"open","ping_status":"closed","template":"","meta":[],"class_list":{"0":"post-4206","1":"product","2":"type-product","3":"status-publish","4":"has-post-thumbnail","6":"pwb-brand-gardena","7":"product_cat-linha-hidro","8":"product_cat-gardena","9":"product_tag-mangueira","10":"product_tag-mangueira-aspersora","11":"product_tag-mangueira-microporosa","13":"first","14":"instock","15":"shipping-taxable","16":"product-type-simple"},"brands":[{"id":89,"name":"Gardena","slug":"gardena"}],"_links":{"self":[{"href":"https:\/\/nordtech.com.br\/index.php?rest_route=\/wp\/v2\/product\/4206","targetHints":{"allow":["GET"]}}],"collection":[{"href":"https:\/\/nordtech.com.br\/index.php?rest_route=\/wp\/v2\/product"}],"about":[{"href":"https:\/\/nordtech.com.br\/index.php?rest_route=\/wp\/v2\/types\/product"}],"replies":[{"embeddable":true,"href":"https:\/\/nordtech.com.br\/index.php?rest_route=%2Fwp%2Fv2%2Fcomments&post=4206"}],"wp:featuredmedia":[{"embeddable":true,"href":"https:\/\/nordtech.com.br\/index.php?rest_route=\/wp\/v2\/media\/4207"}],"wp:attachment":[{"href":"https:\/\/nordtech.com.br\/index.php?rest_route=%2Fwp%2Fv2%2Fmedia&parent=4206"}],"curies":[{"name":"wp","href":"https:\/\/api.w.org\/{rel}","templated":true}]}}