{"id":4185,"date":"2021-11-26T10:09:11","date_gmt":"2021-11-26T13:09:11","guid":{"rendered":"https:\/\/nordtech.com.br\/?post_type=product&#038;p=4185"},"modified":"2021-11-26T10:09:11","modified_gmt":"2021-11-26T13:09:11","slug":"ducha-de-jardim-e-praia-gardena-trio","status":"publish","type":"product","link":"https:\/\/nordtech.com.br\/?product=ducha-de-jardim-e-praia-gardena-trio","title":{"rendered":"Ducha de Jardim e Praia Gardena Trio"},"content":{"rendered":"","protected":false},"excerpt":{"rendered":"<p>Ducha de Jardim e Praia Trio com dois tipos de jato, altura totalmente ajust\u00e1vel e v\u00e1lvula de regula\u00e7\u00e3o e bloqueio para ajustar o fluxo de \u00e1gua. Com o chuveiro de jardim trio Gardena, tomar ducha ao ar livre \u00e9 t\u00e3o confort\u00e1vel como no banheiro. O trip\u00e9 facilita a coloca\u00e7\u00e3o do chuveiro em qualquer lugar. A cabe\u00e7a do chuveiro flex\u00edvel e m\u00f3vel, ligada a uma mangueira de 1,3 metros de comprimento, d\u00e1 mais liberdade para tomar ducha no jardim.<\/p>\n","protected":false},"featured_media":4199,"comment_status":"open","ping_status":"closed","template":"","meta":[],"class_list":{"0":"post-4185","1":"product","2":"type-product","3":"status-publish","4":"has-post-thumbnail","6":"pwb-brand-gardena","7":"product_cat-linha-jardim","8":"product_cat-gardena","9":"product_tag-chuveiro","10":"product_tag-chuveiro-de-jardim","11":"product_tag-chuveiro-de-praia","13":"first","14":"instock","15":"shipping-taxable","16":"product-type-simple"},"brands":[{"id":89,"name":"Gardena","slug":"gardena"}],"_links":{"self":[{"href":"https:\/\/nordtech.com.br\/index.php?rest_route=\/wp\/v2\/product\/4185","targetHints":{"allow":["GET"]}}],"collection":[{"href":"https:\/\/nordtech.com.br\/index.php?rest_route=\/wp\/v2\/product"}],"about":[{"href":"https:\/\/nordtech.com.br\/index.php?rest_route=\/wp\/v2\/types\/product"}],"replies":[{"embeddable":true,"href":"https:\/\/nordtech.com.br\/index.php?rest_route=%2Fwp%2Fv2%2Fcomments&post=4185"}],"wp:featuredmedia":[{"embeddable":true,"href":"https:\/\/nordtech.com.br\/index.php?rest_route=\/wp\/v2\/media\/4199"}],"wp:attachment":[{"href":"https:\/\/nordtech.com.br\/index.php?rest_route=%2Fwp%2Fv2%2Fmedia&parent=4185"}],"curies":[{"name":"wp","href":"https:\/\/api.w.org\/{rel}","templated":true}]}}