{"id":3788,"date":"2021-09-23T15:12:34","date_gmt":"2021-09-23T18:12:34","guid":{"rendered":"https:\/\/nordtech.com.br\/?post_type=product&#038;p=3788"},"modified":"2021-09-23T15:12:34","modified_gmt":"2021-09-23T18:12:34","slug":"pistola-gardena-classic","status":"publish","type":"product","link":"https:\/\/nordtech.com.br\/?product=pistola-gardena-classic","title":{"rendered":"Pistola Gardena Classic"},"content":{"rendered":"","protected":false},"excerpt":{"rendered":"<p>Pistola Gardena Classic, com sistema de acionamento\/desligamento e prote\u00e7\u00e3o contra temperaturas baixas. Ideal para irriga\u00e7\u00e3o de plantas em potes e \u00e1reas individuais. Componentes em pl\u00e1stico macio proporcionam uma pegada segura. Seu formato compacto \u00e9 confort\u00e1vel e ergon\u00f4mico.<\/p>\n<p>Caixa Master com 6 unidades.<\/p>\n","protected":false},"featured_media":3789,"comment_status":"open","ping_status":"closed","template":"","meta":[],"class_list":{"0":"post-3788","1":"product","2":"type-product","3":"status-publish","4":"has-post-thumbnail","6":"pwb-brand-gardena","7":"product_cat-linha-hidro","8":"product_cat-gardena","10":"first","11":"instock","12":"shipping-taxable","13":"product-type-simple"},"brands":[{"id":89,"name":"Gardena","slug":"gardena"}],"_links":{"self":[{"href":"https:\/\/nordtech.com.br\/index.php?rest_route=\/wp\/v2\/product\/3788","targetHints":{"allow":["GET"]}}],"collection":[{"href":"https:\/\/nordtech.com.br\/index.php?rest_route=\/wp\/v2\/product"}],"about":[{"href":"https:\/\/nordtech.com.br\/index.php?rest_route=\/wp\/v2\/types\/product"}],"replies":[{"embeddable":true,"href":"https:\/\/nordtech.com.br\/index.php?rest_route=%2Fwp%2Fv2%2Fcomments&post=3788"}],"wp:featuredmedia":[{"embeddable":true,"href":"https:\/\/nordtech.com.br\/index.php?rest_route=\/wp\/v2\/media\/3789"}],"wp:attachment":[{"href":"https:\/\/nordtech.com.br\/index.php?rest_route=%2Fwp%2Fv2%2Fmedia&parent=3788"}],"curies":[{"name":"wp","href":"https:\/\/api.w.org\/{rel}","templated":true}]}}