{"id":3748,"date":"2021-09-21T15:02:21","date_gmt":"2021-09-21T18:02:21","guid":{"rendered":"https:\/\/nordtech.com.br\/?post_type=product&#038;p=3748"},"modified":"2021-09-21T15:02:21","modified_gmt":"2021-09-21T18:02:21","slug":"enxada-de-jardim-manual","status":"publish","type":"product","link":"https:\/\/nordtech.com.br\/?product=enxada-de-jardim-manual","title":{"rendered":"Enxada de Jardim Manual"},"content":{"rendered":"","protected":false},"excerpt":{"rendered":"<p>Enxada de Jardim Manual, com l\u00e2mina de 6,5 cm de comprimento, \u00e9 ideal para arear e revirar o solo. O formato do cabo \u00e9 anat\u00f4mico e facilita o trabalho. Pode ser removido e trocado por qualquer cabo combisystem.<\/p>\n<p>Caixa Master com 5 unidades.<\/p>\n","protected":false},"featured_media":3749,"comment_status":"open","ping_status":"closed","template":"","meta":[],"class_list":{"0":"post-3748","1":"product","2":"type-product","3":"status-publish","4":"has-post-thumbnail","6":"pwb-brand-gardena","7":"product_cat-linha-jardim","8":"product_cat-gardena","10":"first","11":"instock","12":"shipping-taxable","13":"product-type-simple"},"brands":[{"id":89,"name":"Gardena","slug":"gardena"}],"_links":{"self":[{"href":"https:\/\/nordtech.com.br\/index.php?rest_route=\/wp\/v2\/product\/3748","targetHints":{"allow":["GET"]}}],"collection":[{"href":"https:\/\/nordtech.com.br\/index.php?rest_route=\/wp\/v2\/product"}],"about":[{"href":"https:\/\/nordtech.com.br\/index.php?rest_route=\/wp\/v2\/types\/product"}],"replies":[{"embeddable":true,"href":"https:\/\/nordtech.com.br\/index.php?rest_route=%2Fwp%2Fv2%2Fcomments&post=3748"}],"wp:featuredmedia":[{"embeddable":true,"href":"https:\/\/nordtech.com.br\/index.php?rest_route=\/wp\/v2\/media\/3749"}],"wp:attachment":[{"href":"https:\/\/nordtech.com.br\/index.php?rest_route=%2Fwp%2Fv2%2Fmedia&parent=3748"}],"curies":[{"name":"wp","href":"https:\/\/api.w.org\/{rel}","templated":true}]}}