{"id":3709,"date":"2021-09-20T12:26:41","date_gmt":"2021-09-20T15:26:41","guid":{"rendered":"https:\/\/nordtech.com.br\/?post_type=product&#038;p=3709"},"modified":"2021-09-20T15:56:13","modified_gmt":"2021-09-20T18:56:13","slug":"ducha-de-jardim-e-praia-trio","status":"publish","type":"product","link":"https:\/\/nordtech.com.br\/?product=ducha-de-jardim-e-praia-trio","title":{"rendered":"Ducha de Jardim e Praia Trio"},"content":{"rendered":"","protected":false},"excerpt":{"rendered":"<p>Ducha de Jardim e Praia Trio com dois tipos de jato, altura totalmente ajust\u00e1vel e v\u00e1lvula de regula\u00e7\u00e3o e bloqueio para ajustar o fluxo de \u00e1gua. Com o chuveiro de jardim trio Gardena, tomar ducha ao ar livre \u00e9 t\u00e3o confort\u00e1vel como no banheiro. O trip\u00e9 facilita a coloca\u00e7\u00e3o do chuveiro em qualquer lado. A cabe\u00e7a do chuveiro flex\u00edvel e m\u00f3vel, ligada a uma mangueira de 1,3 metros de comprimento d\u00e1 mais liberdade para tomar ducha no jardim.<\/p>\n<p>Caixa Master com 2 unidades.<\/p>\n","protected":false},"featured_media":3710,"comment_status":"open","ping_status":"closed","template":"","meta":[],"class_list":{"0":"post-3709","1":"product","2":"type-product","3":"status-publish","4":"has-post-thumbnail","6":"pwb-brand-gardena","7":"product_cat-linha-hidro","8":"product_cat-gardena","10":"first","11":"instock","12":"shipping-taxable","13":"product-type-simple"},"brands":[{"id":89,"name":"Gardena","slug":"gardena"}],"_links":{"self":[{"href":"https:\/\/nordtech.com.br\/index.php?rest_route=\/wp\/v2\/product\/3709","targetHints":{"allow":["GET"]}}],"collection":[{"href":"https:\/\/nordtech.com.br\/index.php?rest_route=\/wp\/v2\/product"}],"about":[{"href":"https:\/\/nordtech.com.br\/index.php?rest_route=\/wp\/v2\/types\/product"}],"replies":[{"embeddable":true,"href":"https:\/\/nordtech.com.br\/index.php?rest_route=%2Fwp%2Fv2%2Fcomments&post=3709"}],"wp:featuredmedia":[{"embeddable":true,"href":"https:\/\/nordtech.com.br\/index.php?rest_route=\/wp\/v2\/media\/3710"}],"wp:attachment":[{"href":"https:\/\/nordtech.com.br\/index.php?rest_route=%2Fwp%2Fv2%2Fmedia&parent=3709"}],"curies":[{"name":"wp","href":"https:\/\/api.w.org\/{rel}","templated":true}]}}