{"id":3321,"date":"2021-08-10T14:49:40","date_gmt":"2021-08-10T17:49:40","guid":{"rendered":"https:\/\/nordtech.com.br\/?post_type=product&#038;p=3321"},"modified":"2021-08-10T14:49:40","modified_gmt":"2021-08-10T17:49:40","slug":"carregador-de-bateria-40v-oregon-c600","status":"publish","type":"product","link":"https:\/\/nordtech.com.br\/?product=carregador-de-bateria-40v-oregon-c600","title":{"rendered":"Carregador de Bateria 40V Oregon &#8211; C600"},"content":{"rendered":"","protected":false},"excerpt":{"rendered":"<p>Carregador Bivolt para Baterias Oregon 40V, modelo C600 \u00e9 equipado com o mesmo circuito de prote\u00e7\u00e3o t\u00e9rmica e de sobretens\u00e3o que os carregadores de Bateria r\u00e1pidos Oregon C750.<\/p>\n<p>Desenvolvido para o carregamento de baterias Oregon.<\/p>\n","protected":false},"featured_media":3322,"comment_status":"open","ping_status":"closed","template":"","meta":[],"class_list":{"0":"post-3321","1":"product","2":"type-product","3":"status-publish","4":"has-post-thumbnail","6":"pwb-brand-oregon","7":"product_cat-maquinas","8":"product_cat-oregon","10":"first","11":"instock","12":"shipping-taxable","13":"product-type-simple"},"brands":[{"id":109,"name":"Oregon","slug":"oregon"}],"_links":{"self":[{"href":"https:\/\/nordtech.com.br\/index.php?rest_route=\/wp\/v2\/product\/3321","targetHints":{"allow":["GET"]}}],"collection":[{"href":"https:\/\/nordtech.com.br\/index.php?rest_route=\/wp\/v2\/product"}],"about":[{"href":"https:\/\/nordtech.com.br\/index.php?rest_route=\/wp\/v2\/types\/product"}],"replies":[{"embeddable":true,"href":"https:\/\/nordtech.com.br\/index.php?rest_route=%2Fwp%2Fv2%2Fcomments&post=3321"}],"wp:featuredmedia":[{"embeddable":true,"href":"https:\/\/nordtech.com.br\/index.php?rest_route=\/wp\/v2\/media\/3322"}],"wp:attachment":[{"href":"https:\/\/nordtech.com.br\/index.php?rest_route=%2Fwp%2Fv2%2Fmedia&parent=3321"}],"curies":[{"name":"wp","href":"https:\/\/api.w.org\/{rel}","templated":true}]}}