{"id":3069,"date":"2021-07-16T10:39:52","date_gmt":"2021-07-16T13:39:52","guid":{"rendered":"https:\/\/nordtech.com.br\/?post_type=product&#038;p=3069"},"modified":"2021-07-16T10:39:54","modified_gmt":"2021-07-16T13:39:54","slug":"aparador-de-grama-oregon-a-bateria","status":"publish","type":"product","link":"https:\/\/nordtech.com.br\/?product=aparador-de-grama-oregon-a-bateria","title":{"rendered":"Aparador de Grama Oregon a Bateria"},"content":{"rendered":"","protected":false},"excerpt":{"rendered":"<p>O Aparador de Grama Oregon a Bateria, com sistema de corte avan\u00e7ado e carretel de nylon de fio duplo com recarga r\u00e1pida, al\u00e9m de ergonomicamente projetado para executar trabalhos de forma leve e equilibrada. Este item acompanha bateria e carregador.<\/p>\n<p>Ideal para corte e nivela\u00e7\u00e3o de grama.<\/p>\n","protected":false},"featured_media":3070,"comment_status":"open","ping_status":"closed","template":"","meta":[],"class_list":{"0":"post-3069","1":"product","2":"type-product","3":"status-publish","4":"has-post-thumbnail","6":"pwb-brand-oregon","7":"product_cat-maquinas","8":"product_cat-oregon","10":"first","11":"instock","12":"shipping-taxable","13":"product-type-simple"},"brands":[{"id":109,"name":"Oregon","slug":"oregon"}],"_links":{"self":[{"href":"https:\/\/nordtech.com.br\/index.php?rest_route=\/wp\/v2\/product\/3069","targetHints":{"allow":["GET"]}}],"collection":[{"href":"https:\/\/nordtech.com.br\/index.php?rest_route=\/wp\/v2\/product"}],"about":[{"href":"https:\/\/nordtech.com.br\/index.php?rest_route=\/wp\/v2\/types\/product"}],"replies":[{"embeddable":true,"href":"https:\/\/nordtech.com.br\/index.php?rest_route=%2Fwp%2Fv2%2Fcomments&post=3069"}],"wp:featuredmedia":[{"embeddable":true,"href":"https:\/\/nordtech.com.br\/index.php?rest_route=\/wp\/v2\/media\/3070"}],"wp:attachment":[{"href":"https:\/\/nordtech.com.br\/index.php?rest_route=%2Fwp%2Fv2%2Fmedia&parent=3069"}],"curies":[{"name":"wp","href":"https:\/\/api.w.org\/{rel}","templated":true}]}}