{"id":24884,"date":"2026-03-09T12:08:44","date_gmt":"2026-03-09T15:08:44","guid":{"rendered":"https:\/\/nordtech.com.br\/?post_type=product&#038;p=24884"},"modified":"2026-03-09T12:08:45","modified_gmt":"2026-03-09T15:08:45","slug":"carretel-especial-510-0001","status":"publish","type":"product","link":"https:\/\/nordtech.com.br\/?product=carretel-especial-510-0001","title":{"rendered":"Carretel especial 510-0001"},"content":{"rendered":"","protected":false},"excerpt":{"rendered":"<p>Carretel em liga de Magn\u00e9sio e Alum\u00ednio: Super Leve, corte raso, universal para todas as ro\u00e7adeiras do mercado.<\/p>\n","protected":false},"featured_media":24885,"comment_status":"closed","ping_status":"closed","template":"","meta":[],"class_list":{"0":"post-24884","1":"product","2":"type-product","3":"status-publish","4":"has-post-thumbnail","6":"pwb-brand-duraline","7":"product_cat-carreteis","8":"product_cat-duraline","10":"first","11":"instock","12":"shipping-taxable","13":"product-type-simple"},"brands":[{"id":90,"name":"Duraline","slug":"duraline"}],"_links":{"self":[{"href":"https:\/\/nordtech.com.br\/index.php?rest_route=\/wp\/v2\/product\/24884","targetHints":{"allow":["GET"]}}],"collection":[{"href":"https:\/\/nordtech.com.br\/index.php?rest_route=\/wp\/v2\/product"}],"about":[{"href":"https:\/\/nordtech.com.br\/index.php?rest_route=\/wp\/v2\/types\/product"}],"replies":[{"embeddable":true,"href":"https:\/\/nordtech.com.br\/index.php?rest_route=%2Fwp%2Fv2%2Fcomments&post=24884"}],"wp:featuredmedia":[{"embeddable":true,"href":"https:\/\/nordtech.com.br\/index.php?rest_route=\/wp\/v2\/media\/24885"}],"wp:attachment":[{"href":"https:\/\/nordtech.com.br\/index.php?rest_route=%2Fwp%2Fv2%2Fmedia&parent=24884"}],"curies":[{"name":"wp","href":"https:\/\/api.w.org\/{rel}","templated":true}]}}