{"id":20955,"date":"2025-03-24T09:37:00","date_gmt":"2025-03-24T12:37:00","guid":{"rendered":"https:\/\/nordtech.com.br\/?post_type=product&#038;p=20955"},"modified":"2025-03-28T09:08:13","modified_gmt":"2025-03-28T12:08:13","slug":"motosserra-de-corrente","status":"publish","type":"product","link":"https:\/\/nordtech.com.br\/?product=motosserra-de-corrente","title":{"rendered":"Motosserra de Corrente 82v com Sabre de 18\u201d"},"content":{"rendered":"","protected":false},"excerpt":{"rendered":"<p>As motosserras comerciais da <strong>Greenworks<\/strong> s\u00e3o executadas em todos os trabalhos, desde manuten\u00e7\u00e3o de rotina, corte de lenha at\u00e9 o corte de \u00e1rvores e trabalhos florestais. Com um motor brushless avan\u00e7ado que proporciona torque incr\u00edvel, tempo de execu\u00e7\u00e3o prolongado e longa vida \u00fatil; As serras potentes, eficientes e leves s\u00e3o constru\u00eddas para durar. As motosserras Greenworks t\u00eam a pot\u00eancia e o torque de uma serra movida a g\u00e1s, mas funcionam silenciosamente, com partidas mais confi\u00e1veis, baixa vibra\u00e7\u00e3o e sem emiss\u00f5es. Cada modelo possui um lubrificador de corrente autom\u00e1tico e um tanque de \u00f3leo transl\u00facido para uma vis\u00e3o clara do n\u00edvel de \u00f3leo a qualquer momento. Leves e resistentes, as motosserras comerciais Greenworks oferecem um corte poderoso com o m\u00ednimo de recuo. As motosserras e serras de vara comerciais <strong>Greenworks<\/strong> s\u00e3o projetadas para trabalhar duro, com muita pot\u00eancia para um excelente desempenho de corte nas condi\u00e7\u00f5es mais dif\u00edceis.<\/p>\n","protected":false},"featured_media":20958,"comment_status":"open","ping_status":"closed","template":"","meta":[],"class_list":{"0":"post-20955","1":"product","2":"type-product","3":"status-publish","4":"has-post-thumbnail","6":"pwb-brand-greenworks","7":"product_cat-greenworks","8":"product_cat-motosserra-greenworks","10":"first","11":"instock","12":"shipping-taxable","13":"product-type-simple"},"brands":[{"id":273,"name":"Greenworks","slug":"greenworks"}],"_links":{"self":[{"href":"https:\/\/nordtech.com.br\/index.php?rest_route=\/wp\/v2\/product\/20955","targetHints":{"allow":["GET"]}}],"collection":[{"href":"https:\/\/nordtech.com.br\/index.php?rest_route=\/wp\/v2\/product"}],"about":[{"href":"https:\/\/nordtech.com.br\/index.php?rest_route=\/wp\/v2\/types\/product"}],"replies":[{"embeddable":true,"href":"https:\/\/nordtech.com.br\/index.php?rest_route=%2Fwp%2Fv2%2Fcomments&post=20955"}],"wp:featuredmedia":[{"embeddable":true,"href":"https:\/\/nordtech.com.br\/index.php?rest_route=\/wp\/v2\/media\/20958"}],"wp:attachment":[{"href":"https:\/\/nordtech.com.br\/index.php?rest_route=%2Fwp%2Fv2%2Fmedia&parent=20955"}],"curies":[{"name":"wp","href":"https:\/\/api.w.org\/{rel}","templated":true}]}}