{"id":20526,"date":"2025-02-24T17:39:30","date_gmt":"2025-02-24T20:39:30","guid":{"rendered":"https:\/\/nordtech.com.br\/?post_type=product&#038;p=20526"},"modified":"2025-02-24T17:40:51","modified_gmt":"2025-02-24T20:40:51","slug":"fio-flexiblade-duraline-o-30-mm","status":"publish","type":"product","link":"https:\/\/nordtech.com.br\/?product=fio-flexiblade-duraline-o-30-mm","title":{"rendered":"Fio Flexiblade Duraline &#8211; \u00d8 3,0 mm"},"content":{"rendered":"","protected":false},"excerpt":{"rendered":"<p>Fio Duraline Flexiblade, bobina com 210 metros e fio de \u00d8 3,0 mm. Produzida para substituir as l\u00e2minas de ro\u00e7adeira, a linha Flexiblade proporciona um corte limpo e preciso por conta do seu exclusivo desenho com dentes, garantindo melhor performance que os fios convencionais.<\/p>\n","protected":false},"featured_media":2927,"comment_status":"open","ping_status":"closed","template":"","meta":[],"class_list":{"0":"post-20526","1":"product","2":"type-product","3":"status-publish","4":"has-post-thumbnail","6":"pwb-brand-duraline","7":"product_cat-fio-de-nylon","8":"product_cat-duraline","10":"first","11":"instock","12":"shipping-taxable","13":"product-type-simple"},"brands":[{"id":90,"name":"Duraline","slug":"duraline"}],"_links":{"self":[{"href":"https:\/\/nordtech.com.br\/index.php?rest_route=\/wp\/v2\/product\/20526","targetHints":{"allow":["GET"]}}],"collection":[{"href":"https:\/\/nordtech.com.br\/index.php?rest_route=\/wp\/v2\/product"}],"about":[{"href":"https:\/\/nordtech.com.br\/index.php?rest_route=\/wp\/v2\/types\/product"}],"replies":[{"embeddable":true,"href":"https:\/\/nordtech.com.br\/index.php?rest_route=%2Fwp%2Fv2%2Fcomments&post=20526"}],"wp:featuredmedia":[{"embeddable":true,"href":"https:\/\/nordtech.com.br\/index.php?rest_route=\/wp\/v2\/media\/2927"}],"wp:attachment":[{"href":"https:\/\/nordtech.com.br\/index.php?rest_route=%2Fwp%2Fv2%2Fmedia&parent=20526"}],"curies":[{"name":"wp","href":"https:\/\/api.w.org\/{rel}","templated":true}]}}