{"id":676,"date":"2021-03-08T20:42:55","date_gmt":"2021-03-08T23:42:55","guid":{"rendered":"https:\/\/nordtech.com.br\/?page_id=676"},"modified":"2025-06-27T15:51:59","modified_gmt":"2025-06-27T18:51:59","slug":"rhinomec","status":"publish","type":"page","link":"https:\/\/nordtech.com.br\/?page_id=676","title":{"rendered":"Rhinomec Parts"},"content":{"rendered":"\t\t<div data-elementor-type=\"wp-page\" data-elementor-id=\"676\" class=\"elementor elementor-676\" data-elementor-settings=\"[]\">\n\t\t\t\t\t\t<div class=\"elementor-inner\">\n\t\t\t\t\t\t\t<div class=\"elementor-section-wrap\">\n\t\t\t\t\t\t\t<section class=\"elementor-section elementor-top-section elementor-element elementor-element-9e8f26b elementor-section-full_width elementor-section-content-top elementor-section-height-default elementor-section-height-default\" data-id=\"9e8f26b\" data-element_type=\"section\">\n\t\t\t\t\t\t<div class=\"elementor-container elementor-column-gap-default\">\n\t\t\t\t\t\t\t<div class=\"elementor-row\">\n\t\t\t\t\t<div class=\"elementor-column elementor-col-100 elementor-top-column elementor-element elementor-element-5c531f0\" data-id=\"5c531f0\" data-element_type=\"column\" data-settings=\"{&quot;background_background&quot;:&quot;classic&quot;}\">\n\t\t\t<div class=\"elementor-column-wrap elementor-element-populated\">\n\t\t\t\t\t\t\t<div class=\"elementor-widget-wrap\">\n\t\t\t\t\t\t<div class=\"elementor-element elementor-element-095111f elementor-hidden-desktop elementor-hidden-tablet elementor-widget elementor-widget-text-editor\" data-id=\"095111f\" data-element_type=\"widget\" data-widget_type=\"text-editor.default\">\n\t\t\t\t<div class=\"elementor-widget-container\">\n\t\t\t\t\t<div class=\"elementor-text-editor elementor-clearfix\"><div id=\"postbox-container-1\" class=\"postbox-container\"><div id=\"side-sortables\" class=\"meta-box-sortables ui-sortable\"><div id=\"show-shortcode\" class=\"postbox \"><div class=\"inside\"><div id=\"postbox-container-1\" class=\"postbox-container\"><div id=\"side-sortables\" class=\"meta-box-sortables ui-sortable\"><div id=\"show-shortcode\" class=\"postbox \"><div class=\"inside\"><strong><!-- Layout 7 : Swiper Simple -->\n<div class=\"swiper sbtw-wrapper layout-swiper-slider swiper-container\" data-swiper-config='{&quot;allowSlideNext&quot;:true,&quot;allowSlidePrev&quot;:true,&quot;allowTouchMove&quot;:true,&quot;direction&quot;:&quot;horizontal&quot;,&quot;autoplay&quot;:{&quot;enable&quot;:&quot;true&quot;,&quot;delay&quot;:&quot;3000&quot;},&quot;effect&quot;:&quot;slide&quot;,&quot;loop&quot;:true}' data-swiper-id=\"12274\">\n    <div class=\"swiper-wrapper\">\n                    <div class=\"swiper-slide sbtw-relative sbtw-single-item sbtw-overflow-hidden\">\n            <a class=\"item-image\" href=\"https:\/\/www.instagram.com\/rhinomecparts\/\" title=\"MOBILE_Redes_Sociais_Rhinomec_Parts\">\n                            <img decoding=\"async\" src=\"https:\/\/nordtech.com.br\/wp-content\/uploads\/2025\/09\/MOBILE_Redes_Sociais_Rhinomec_Parts.jpg\" class=\"sbtw-media-item \" loading=\"lazy\" alt=\"\" \/>\n        \n        \n                <\/a>\n        <\/a>\n<\/div>\n                    <div class=\"swiper-slide sbtw-relative sbtw-single-item sbtw-overflow-hidden\">\n            <a class=\"item-image\" href=\"https:\/\/online.fliphtml5.com\/mannx\/qlyh\/\" title=\"MOBILE_Cat\u00e1logo_RP_pe\u00e7as_acess\u00f3rios_R01\">\n                            <img decoding=\"async\" src=\"https:\/\/nordtech.com.br\/wp-content\/uploads\/2025\/09\/MOBILE_Catalogo_RP_pecas_acessorios_R01.jpg\" class=\"sbtw-media-item \" loading=\"lazy\" alt=\"\" \/>\n        \n        \n                <\/a>\n        <\/a>\n<\/div>\n            <\/div>\n\n    \n    \n    <!-- If we need scrollbar -->\n    <!-- <div class=\"swiper-scrollbar\"><\/div> -->\n<\/div>\n<\/strong><\/div><\/div><\/div><\/div><div id=\"postbox-container-2\" class=\"postbox-container\">\u00a0<\/div><\/div><\/div><\/div><\/div><div id=\"postbox-container-2\" class=\"postbox-container\">\u00a0<\/div><\/div>\n\t\t\t\t<\/div>\n\t\t\t\t<\/div>\n\t\t\t\t\t\t<\/div>\n\t\t\t\t\t<\/div>\n\t\t<\/div>\n\t\t\t\t\t\t\t\t<\/div>\n\t\t\t\t\t<\/div>\n\t\t<\/section>\n\t\t\t\t<section class=\"elementor-section elementor-top-section elementor-element elementor-element-5487e2f elementor-section-full_width elementor-section-content-top elementor-section-height-default elementor-section-height-default\" data-id=\"5487e2f\" data-element_type=\"section\">\n\t\t\t\t\t\t<div class=\"elementor-container elementor-column-gap-default\">\n\t\t\t\t\t\t\t<div class=\"elementor-row\">\n\t\t\t\t\t<div class=\"elementor-column elementor-col-100 elementor-top-column elementor-element elementor-element-5e64b4b\" data-id=\"5e64b4b\" data-element_type=\"column\" data-settings=\"{&quot;background_background&quot;:&quot;classic&quot;}\">\n\t\t\t<div class=\"elementor-column-wrap elementor-element-populated\">\n\t\t\t\t\t\t\t<div class=\"elementor-widget-wrap\">\n\t\t\t\t\t\t<div class=\"elementor-element elementor-element-0c74f80 elementor-hidden-phone elementor-widget elementor-widget-text-editor\" data-id=\"0c74f80\" data-element_type=\"widget\" data-widget_type=\"text-editor.default\">\n\t\t\t\t<div class=\"elementor-widget-container\">\n\t\t\t\t\t<div class=\"elementor-text-editor elementor-clearfix\"><div id=\"postbox-container-1\" class=\"postbox-container\"><div id=\"side-sortables\" class=\"meta-box-sortables ui-sortable\"><div id=\"show-shortcode\" class=\"postbox \"><div class=\"inside\"><strong><!-- Layout 7 : Swiper Simple -->\n<div class=\"swiper sbtw-wrapper layout-swiper-slider swiper-container\" data-swiper-config='{&quot;allowSlideNext&quot;:true,&quot;allowSlidePrev&quot;:true,&quot;allowTouchMove&quot;:true,&quot;direction&quot;:&quot;horizontal&quot;,&quot;autoplay&quot;:{&quot;enable&quot;:&quot;true&quot;,&quot;delay&quot;:&quot;3000&quot;},&quot;effect&quot;:&quot;slide&quot;}' data-swiper-id=\"12264\">\n    <div class=\"swiper-wrapper\">\n                    <div class=\"swiper-slide sbtw-relative sbtw-single-item sbtw-overflow-hidden\">\n            <a class=\"item-image\" href=\"https:\/\/www.instagram.com\/rhinomecparts\/\" title=\"WEB_Redes_Sociais_Rhinomec_Parts\">\n                            <img decoding=\"async\" src=\"https:\/\/nordtech.com.br\/wp-content\/uploads\/2025\/09\/WEB_Redes_Sociais_Rhinomec_Parts.jpg\" class=\"sbtw-media-item \" loading=\"lazy\" alt=\"\" \/>\n        \n        \n                <\/a>\n        <\/a>\n<\/div>\n                    <div class=\"swiper-slide sbtw-relative sbtw-single-item sbtw-overflow-hidden\">\n            <a class=\"item-image\" href=\"https:\/\/online.fliphtml5.com\/mannx\/qlyh\/\" title=\"WEB_Cat\u00e1logo_RP_pe\u00e7as_acess\u00f3rios_R01\">\n                            <img decoding=\"async\" src=\"https:\/\/nordtech.com.br\/wp-content\/uploads\/2025\/09\/WEB_Catalogo_RP_pecas_acessorios_R01.jpg\" class=\"sbtw-media-item \" loading=\"lazy\" alt=\"\" \/>\n        \n        \n                <\/a>\n        <\/a>\n<\/div>\n            <\/div>\n\n    \n            <!-- If we need navigation buttons -->\n        <div class=\"swiper-button-prev sbtw-text-black\"><\/div>\n        <div class=\"swiper-button-next sbtw-text-black\"><\/div>\n    \n    <!-- If we need scrollbar -->\n    <!-- <div class=\"swiper-scrollbar\"><\/div> -->\n<\/div>\n<\/strong><\/div><\/div><\/div><\/div><div id=\"postbox-container-2\" class=\"postbox-container\">\u00a0<\/div><\/div>\n\t\t\t\t<\/div>\n\t\t\t\t<\/div>\n\t\t\t\t\t\t<\/div>\n\t\t\t\t\t<\/div>\n\t\t<\/div>\n\t\t\t\t\t\t\t\t<\/div>\n\t\t\t\t\t<\/div>\n\t\t<\/section>\n\t\t\t\t<section class=\"elementor-section elementor-top-section elementor-element elementor-element-88195a6 elementor-section-boxed elementor-section-height-default elementor-section-height-default\" data-id=\"88195a6\" data-element_type=\"section\">\n\t\t\t\t\t\t<div class=\"elementor-container elementor-column-gap-default\">\n\t\t\t\t\t\t\t<div class=\"elementor-row\">\n\t\t\t\t\t<div class=\"elementor-column elementor-col-100 elementor-top-column elementor-element elementor-element-ec8242e\" data-id=\"ec8242e\" data-element_type=\"column\">\n\t\t\t<div class=\"elementor-column-wrap elementor-element-populated\">\n\t\t\t\t\t\t\t<div class=\"elementor-widget-wrap\">\n\t\t\t\t\t\t<div class=\"elementor-element elementor-element-6f89ac4 elementor-widget elementor-widget-text-editor\" data-id=\"6f89ac4\" data-element_type=\"widget\" data-widget_type=\"text-editor.default\">\n\t\t\t\t<div class=\"elementor-widget-container\">\n\t\t\t\t\t<div class=\"elementor-text-editor elementor-clearfix\"><p>A\u00a0<strong>Rhinomec Parts<\/strong>\u00a0oferece pe\u00e7as e acess\u00f3rios para motosserras, ro\u00e7adeiras, motores, geradores<br \/>e motobombas, que entregam durabilidade, qualidade e alta performance.<\/p><\/div>\n\t\t\t\t<\/div>\n\t\t\t\t<\/div>\n\t\t\t\t\t\t<\/div>\n\t\t\t\t\t<\/div>\n\t\t<\/div>\n\t\t\t\t\t\t\t\t<\/div>\n\t\t\t\t\t<\/div>\n\t\t<\/section>\n\t\t\t\t<section class=\"elementor-section elementor-top-section elementor-element elementor-element-2299046 elementor-section-boxed elementor-section-height-default elementor-section-height-default\" data-id=\"2299046\" data-element_type=\"section\">\n\t\t\t\t\t\t<div class=\"elementor-container elementor-column-gap-default\">\n\t\t\t\t\t\t\t<div class=\"elementor-row\">\n\t\t\t\t\t<div class=\"elementor-column elementor-col-100 elementor-top-column elementor-element elementor-element-85e44de\" data-id=\"85e44de\" data-element_type=\"column\">\n\t\t\t<div class=\"elementor-column-wrap elementor-element-populated\">\n\t\t\t\t\t\t\t<div class=\"elementor-widget-wrap\">\n\t\t\t\t\t\t<div class=\"elementor-element elementor-element-6c19805 elementor-align-center elementor-widget elementor-widget-button\" data-id=\"6c19805\" data-element_type=\"widget\" data-widget_type=\"button.default\">\n\t\t\t\t<div class=\"elementor-widget-container\">\n\t\t\t\t\t<div class=\"elementor-button-wrapper\">\n\t\t\t<a href=\"https:\/\/online.fliphtml5.com\/mannx\/qlyh\/#p=1\" class=\"elementor-button-link elementor-button elementor-size-sm\" role=\"button\">\n\t\t\t\t\t\t<span class=\"elementor-button-content-wrapper\">\n\t\t\t\t\t\t<span class=\"elementor-button-text\">Consulte nosso cat\u00e1logo completo!<\/span>\n\t\t<\/span>\n\t\t\t\t\t<\/a>\n\t\t<\/div>\n\t\t\t\t<\/div>\n\t\t\t\t<\/div>\n\t\t\t\t\t\t<\/div>\n\t\t\t\t\t<\/div>\n\t\t<\/div>\n\t\t\t\t\t\t\t\t<\/div>\n\t\t\t\t\t<\/div>\n\t\t<\/section>\n\t\t\t\t<section class=\"elementor-section elementor-top-section elementor-element elementor-element-f07bd06 elementor-section-boxed elementor-section-height-default elementor-section-height-default\" data-id=\"f07bd06\" data-element_type=\"section\" data-settings=\"{&quot;background_background&quot;:&quot;classic&quot;}\">\n\t\t\t\t\t\t<div class=\"elementor-container elementor-column-gap-default\">\n\t\t\t\t\t\t\t<div class=\"elementor-row\">\n\t\t\t\t\t<div class=\"elementor-column elementor-col-100 elementor-top-column elementor-element elementor-element-3d2b686\" data-id=\"3d2b686\" data-element_type=\"column\">\n\t\t\t<div class=\"elementor-column-wrap elementor-element-populated\">\n\t\t\t\t\t\t\t<div class=\"elementor-widget-wrap\">\n\t\t\t\t\t\t<section class=\"elementor-section elementor-inner-section elementor-element elementor-element-45d1c56 elementor-section-boxed elementor-section-height-default elementor-section-height-default\" data-id=\"45d1c56\" data-element_type=\"section\">\n\t\t\t\t\t\t<div class=\"elementor-container elementor-column-gap-default\">\n\t\t\t\t\t\t\t<div class=\"elementor-row\">\n\t\t\t\t\t<div class=\"elementor-column elementor-col-33 elementor-inner-column elementor-element elementor-element-e0fb8db\" data-id=\"e0fb8db\" data-element_type=\"column\">\n\t\t\t<div class=\"elementor-column-wrap\">\n\t\t\t\t\t\t\t<div class=\"elementor-widget-wrap\">\n\t\t\t\t\t\t\t\t<\/div>\n\t\t\t\t\t<\/div>\n\t\t<\/div>\n\t\t\t\t<div class=\"elementor-column elementor-col-33 elementor-inner-column elementor-element elementor-element-39e75c5\" data-id=\"39e75c5\" data-element_type=\"column\">\n\t\t\t<div class=\"elementor-column-wrap elementor-element-populated\">\n\t\t\t\t\t\t\t<div class=\"elementor-widget-wrap\">\n\t\t\t\t\t\t<div class=\"elementor-element elementor-element-addec13 elementor-products-columns-2 elementor-product-loop-item--align-center elementor-products-grid elementor-wc-products elementor-show-pagination-border-yes elementor-widget elementor-widget-woocommerce-products\" data-id=\"addec13\" data-element_type=\"widget\" data-widget_type=\"woocommerce-products.default\">\n\t\t\t\t<div class=\"elementor-widget-container\">\n\t\t\t<div class=\"woocommerce columns-2 \"><div class=\"woocommerce-notices-wrapper\"><\/div><ul class=\"products columns-2\">\n<li class=\"product type-product post-12455 status-publish first instock product_cat-rhinomec-parts has-post-thumbnail shipping-taxable product-type-simple\">\n\t<a href=\"https:\/\/nordtech.com.br\/?product=lubrificante-semissintetico-27\" class=\"woocommerce-LoopProduct-link woocommerce-loop-product__link\"><img loading=\"lazy\" decoding=\"async\" width=\"300\" height=\"300\" src=\"https:\/\/nordtech.com.br\/wp-content\/uploads\/2023\/07\/900320_01-1.png\" class=\"attachment-woocommerce_thumbnail size-woocommerce_thumbnail\" alt=\"\" \/><h2 class=\"woocommerce-loop-product__title\">Rhinomec 2T Semissint\u00e9tico<\/h2>\n<\/a><a href=\"https:\/\/nordtech.com.br\/?product=lubrificante-semissintetico-27\" data-quantity=\"1\" class=\"button product_type_simple\" data-product_id=\"12455\" data-product_sku=\"\" aria-label=\"Read more about &ldquo;Rhinomec 2T Semissint\u00e9tico&rdquo;\" rel=\"nofollow\">Read more<\/a><\/li>\n<li class=\"product type-product post-12449 status-publish last instock product_cat-rhinomec-parts has-post-thumbnail shipping-taxable product-type-simple\">\n\t<a href=\"https:\/\/nordtech.com.br\/?product=rhinomec-ms\" class=\"woocommerce-LoopProduct-link woocommerce-loop-product__link\"><img loading=\"lazy\" decoding=\"async\" width=\"300\" height=\"300\" src=\"https:\/\/nordtech.com.br\/wp-content\/uploads\/2023\/07\/RP_01.png\" class=\"attachment-woocommerce_thumbnail size-woocommerce_thumbnail\" alt=\"\" \/><h2 class=\"woocommerce-loop-product__title\">Rhinomec MS<\/h2>\n<\/a><a href=\"https:\/\/nordtech.com.br\/?product=rhinomec-ms\" data-quantity=\"1\" class=\"button product_type_simple\" data-product_id=\"12449\" data-product_sku=\"\" aria-label=\"Read more about &ldquo;Rhinomec MS&rdquo;\" rel=\"nofollow\">Read more<\/a><\/li>\n<\/ul>\n<\/div>\t\t<\/div>\n\t\t\t\t<\/div>\n\t\t\t\t\t\t<\/div>\n\t\t\t\t\t<\/div>\n\t\t<\/div>\n\t\t\t\t<div class=\"elementor-column elementor-col-33 elementor-inner-column elementor-element elementor-element-b3324c1\" data-id=\"b3324c1\" data-element_type=\"column\">\n\t\t\t<div class=\"elementor-column-wrap\">\n\t\t\t\t\t\t\t<div class=\"elementor-widget-wrap\">\n\t\t\t\t\t\t\t\t<\/div>\n\t\t\t\t\t<\/div>\n\t\t<\/div>\n\t\t\t\t\t\t\t\t<\/div>\n\t\t\t\t\t<\/div>\n\t\t<\/section>\n\t\t\t\t<div class=\"elementor-element elementor-element-e1a457d elementor-widget elementor-widget-spacer\" data-id=\"e1a457d\" data-element_type=\"widget\" data-widget_type=\"spacer.default\">\n\t\t\t\t<div class=\"elementor-widget-container\">\n\t\t\t\t\t<div class=\"elementor-spacer\">\n\t\t\t<div class=\"elementor-spacer-inner\"><\/div>\n\t\t<\/div>\n\t\t\t\t<\/div>\n\t\t\t\t<\/div>\n\t\t\t\t\t\t<\/div>\n\t\t\t\t\t<\/div>\n\t\t<\/div>\n\t\t\t\t\t\t\t\t<\/div>\n\t\t\t\t\t<\/div>\n\t\t<\/section>\n\t\t\t\t\t\t<\/div>\n\t\t\t\t\t\t<\/div>\n\t\t\t\t\t<\/div>\n\t\t","protected":false},"excerpt":{"rendered":"<p>\u00a0\u00a0\u00a0 A\u00a0Rhinomec Parts\u00a0oferece pe\u00e7as e acess\u00f3rios para motosserras, ro\u00e7adeiras, motores, geradorese motobombas, que entregam durabilidade, qualidade e alta performance. Consulte nosso cat\u00e1logo completo!<\/p>\n","protected":false},"author":2,"featured_media":0,"parent":0,"menu_order":0,"comment_status":"closed","ping_status":"closed","template":"elementor_header_footer","meta":{"footnotes":""},"class_list":["post-676","page","type-page","status-publish","hentry"],"_links":{"self":[{"href":"https:\/\/nordtech.com.br\/index.php?rest_route=\/wp\/v2\/pages\/676","targetHints":{"allow":["GET"]}}],"collection":[{"href":"https:\/\/nordtech.com.br\/index.php?rest_route=\/wp\/v2\/pages"}],"about":[{"href":"https:\/\/nordtech.com.br\/index.php?rest_route=\/wp\/v2\/types\/page"}],"author":[{"embeddable":true,"href":"https:\/\/nordtech.com.br\/index.php?rest_route=\/wp\/v2\/users\/2"}],"replies":[{"embeddable":true,"href":"https:\/\/nordtech.com.br\/index.php?rest_route=%2Fwp%2Fv2%2Fcomments&post=676"}],"version-history":[{"count":9,"href":"https:\/\/nordtech.com.br\/index.php?rest_route=\/wp\/v2\/pages\/676\/revisions"}],"predecessor-version":[{"id":22209,"href":"https:\/\/nordtech.com.br\/index.php?rest_route=\/wp\/v2\/pages\/676\/revisions\/22209"}],"wp:attachment":[{"href":"https:\/\/nordtech.com.br\/index.php?rest_route=%2Fwp%2Fv2%2Fmedia&parent=676"}],"curies":[{"name":"wp","href":"https:\/\/api.w.org\/{rel}","templated":true}]}}